- (1 + 0). Let i = -1 + y. Calculate the remainder when i is divided by v(3).
0
Suppose l = 2*l - 20. What is the remainder when (-539)/(-14) + 2/(-4) is divided by l?
18
Suppose 3*y + 2*c + 0 = -2, 3*c + 6 = -3*y. Calculate the remainder when 13 is divided by y.
1
Let i = -16 + 23. Suppose -2*k - 228 = -5*k. Suppose h = -3*h + k. What is the remainder when h is divided by i?
5
Let n(o) = -2*o + 40. What is the remainder when 27 is divided by n(13)?
13
Let y = -200 + 119. Let z = y + 119. Calculate the remainder when z is divided by 20.
18
Suppose 2*d - 18 = 4. Calculate the remainder when 32 is divided by d.
10
Suppose -4*z + 54 + 38 = 0. What is the remainder when 68 is divided by z?
22
Suppose y + y = -3*d + 28, 5*y - 28 = -4*d. Calculate the remainder when 45 is divided by d.
9
Suppose 3*b - 5*z - 178 = 0, -z = b - 0*z - 70. Suppose -a = -4*h - b, 2*a + h = -3*h + 84. What is the remainder when a is divided by 26?
24
Suppose 0*u + 4*h - 168 = -4*u, -3*h - 3 = 0. What is the remainder when u is divided by 4?
3
Suppose 0 = 3*r - 2*r. Suppose r = -3*p - p + 8. What is the remainder when 3 is divided by p?
1
Let v(z) = 29*z - 3. Calculate the remainder when v(1) is divided by 10.
6
Let v = -2 - -3. Suppose 2*d - 5*k = -v, -2*k - 22 = d - 5*d. Suppose -t = -11 - d. What is the remainder when 35 is divided by t?
17
Let h(p) = p - 1. Let t be (-27)/(-12)*(-16)/(-3). Let m(q) = 24*q - 9. Let r(k) = t*h(k) - m(k). Calculate the remainder when r(-4) is divided by 16.
13
Suppose 5*x = 9 + 16. Suppose 32 = x*r - m, 2*r - 2 = -m + 8. Calculate the remainder when r is divided by 2.
0
Suppose -4*x + 108 + 140 = -v, -5*x + 4*v = -299. What is the remainder when x is divided by 16?
15
Let b(w) = w**2 + 4*w + 5. Let p be -15 - (-9 + 0)/3. Calculate the remainder when b(p) is divided by 26.
23
Suppose -161 - 46 = -3*x + 3*z, 0 = -4*x - 3*z + 269. Calculate the remainder when x is divided by 36.
32
Suppose -2*v - 5*l + 2 + 25 = 0, 4*v - 5*l = 129. Calculate the remainder when 1 + 1 + 102 + -2 is divided by v.
24
Let d(l) = l**2 + 4*l - 4. Let w(f) = -f**2 - f. Let u(o) = 4*o**2 + 8*o - 1. Let t(a) = -u(a) - 5*w(a). Calculate the remainder when t(3) is divided by d(-5).
0
Let p be (6/4)/(9/(-12)). What is the remainder when 17 - p/((-4)/(-6)) is divided by 12?
8
Let f(i) = 15*i**2 + 4*i + 1. What is the remainder when f(-2) is divided by (-248)/(-14) - 4/(-14)?
17
What is the remainder when 50 + 2 + -1 + 3 is divided by 14?
12
Let u(f) be the second derivative of 7*f**3/6 - 4*f**2 - f. Calculate the remainder when u(9) is divided by 4/(-14) + (-400)/(-28).
13
Suppose f - 42 = -f. Let c = f - -1. Suppose 0 = -5*o + 3 + 37. Calculate the remainder when c is divided by o.
6
Let h(t) = 2*t**2 + t + 1. Let v(s) = -s**2 - s - 1. Let n(u) = 4*h(u) + 7*v(u). Calculate the remainder when 34 is divided by n(5).
6
Let y = 66 + -47. Suppose -173 = -5*r + 107. Calculate the remainder when r is divided by y.
18
Suppose 3*y = 4*l - y - 56, 2*y + 61 = 5*l. What is the remainder when l is divided by (-2 - -4)/((-2)/(-7))?
4
Suppose 0 = -2*n + v + 43, -3*n - 7*v + 3*v = -48. Let f = n + -17. Calculate the remainder when f is divided by 1.
0
Let k = 178 + -145. What is the remainder when k is divided by 17?
16
Suppose -2*l - 7 - 3 = -2*q, q - 3*l = 1. Let g = -2 + 7. Suppose g*f = -1 + 21. Calculate the remainder when q is divided by f.
3
Let o(t) = t**2 + 11*t + 2. Let g be -11 - (-3 + 2)*0. Calculate the remainder when 3 is divided by o(g).
1
Let o be (-3)/(-6)*0 + -3. Let u be 11*(o/(-3) - 0). Suppose 4*y - u = -3. Calculate the remainder when 2 is divided by y.
0
Suppose 7*v - 20 = 2*v. Suppose -3*w - 24 = -3*p, -p = 2*p + v*w + 4. What is the remainder when 6 is divided by p?
2
Suppose -5*z + 7*z - 80 = 0. Calculate the remainder when z is divided by 11.
7
Suppose -13 - 19 = o. Let v = 43 - o. What is the remainder when v is divided by 19?
18
Suppose -4*l = -15 + 3. Suppose -l*y + 26 = -y. Let o = -10 - -18. Calculate the remainder when y is divided by o.
5
Suppose -4*z - z + 3*m + 47 = 0, 3*z - m - 25 = 0. Calculate the remainder when z is divided by 5.
2
Calculate the remainder when (-1800)/(-22) - (-1 + (-18)/(-22)) is divided by 17.
14
Suppose 4*r - 125 = -r. Calculate the remainder when r is divided by 14.
11
Suppose -q + 492 = -4*h, 5*h + 430 = q - 184. What is the remainder when (h/(-6))/(1/3) is divided by 16?
13
Calculate the remainder when 46 is divided by (2 + (-70)/15)/(4/(-18)).
10
Let g(y) = 4*y**3 - y - 1. Let c(r) = -r**3 + 6*r**2 - 4*r - 2. Let b be c(5). Suppose 4*j - b = 37. What is the remainder when g(2) is divided by j?
9
Calculate the remainder when (104/(-20))/(3*(-1)/15) is divided by 9.
8
Calculate the remainder when 27 is divided by (-38)/(-5) - 8/(-20).
3
Let b be (-100)/(-15) - 1/(-3). Suppose b = u - 1. What is the remainder when 12 is divided by u?
4
Let l = -39 - -28. Let h = 18 + l. What is the remainder when 27 is divided by h?
6
Let m(c) = c**3 - 8*c**2 + 4*c - 20. Let h(v) = -4*v + 2. What is the remainder when h(-5) is divided by m(8)?
10
Let j(h) = 6*h**2 - 2*h + 2. Let l be (6 - 4)/((-4)/6). Calculate the remainder when j(l) is divided by 21.
20
Let d(y) = -6*y - 4. Let c be d(-6). Suppose 0 = 4*s - 28 - 36. Suppose -3*l + c = -s. What is the remainder when 47 is divided by l?
15
Let j be 9 + 0*2/4. Suppose 4*k - j + 1 = 0. Let l(t) = t**3 + 10*t**2 + 2. What is the remainder when l(-10) is divided by k?
0
Let m(a) = -2*a + 7. Let i be m(4). Let d = 1 - i. Calculate the remainder when 7 is divided by d.
1
Let v = 23 - 114. Let s = v - -137. Calculate the remainder when s is divided by 12.
10
Let g be (-4)/(-2 + 4) - 0. Let t = 3 + g. Let j = 16 - 15. Calculate the remainder when j is divided by t.
0
Let g = -300 - -65. Suppose -3*s - p + 40 + 24 = 0, -4*s + 2*p + 72 = 0. What is the remainder when g/(-6) - (-12)/(-72) is divided by s?
19
Let h = 23 + -11. Suppose -f + 6 + h = -5*a, 5*a - 22 = -4*f. What is the remainder when 13 is divided by f?
5
Let u(s) = s**2 - s - 5. Let c be u(-4). Suppose -c = -3*p + 12. Suppose 0 = -p*v + 4*v + 50. Calculate the remainder when v is divided by 6.
4
Let d = 10 - 16. What is the remainder when 21 is divided by ((-12)/5)/(d/20)?
5
Suppose -f = -3*f - 12. What is the remainder when 33 is divided by (-4)/f + 245/15?
16
What is the remainder when 35 is divided by (-2 - -5)*(-1 - -4)?
8
Let o be ((-16)/28)/((-4)/14). Suppose 44 = o*m - 0*m. What is the remainder when m is divided by 8?
6
Let d = 5 - -60. What is the remainder when d is divided by 34?
31
Let a(g) = -g - 2. Suppose -7 = -5*n + 18. What is the remainder when n is divided by a(-4)?
1
Suppose c - 4*u - 24 = 3*c, -c - 17 = 3*u. Let o(j) = -4*j - 2. Calculate the remainder when 10 is divided by o(c).
4
Calculate the remainder when (3 + 0)/((-18)/(-222)) is divided by 10.
7
Suppose -3*u + 4*u = 32. Suppose 4*l = 6*l, 0 = -2*a + l + 126. What is the remainder when a is divided by u?
31
Suppose d - 5*p + 5 = 0, -2*d - 2*p = -3*p - 8. Let n(w) = w**2 - 4*w - 4. Calculate the remainder when n(6) is divided by d.
3
Let a(v) = -5*v**3 - 2*v + 1. Let b(k) = -k**3 - k. Let x(t) = -a(t) + 4*b(t). Calculate the remainder when 7 is divided by x(2).
1
Suppose -5*t = 3*f - 162, -t - 144 = -3*f - 0*t. Calculate the remainder when f is divided by 13.
10
Let m(p) = 2*p + 10. What is the remainder when 87 is divided by m(6)?
21
Suppose 4*n = -n - 4*v + 139, 4*n - 140 = 4*v. What is the remainder when 60 is divided by n?
29
Suppose 5*f = 81 + 29. What is the remainder when 62 is divided by f?
18
Let n = -8 - -15. Calculate the remainder when 18 is divided by n.
4
Let x(f) = -f**2 + f + 9. Calculate the remainder when x(0) is divided by 4.
1
Let c(x) = -x**2 - 6*x + 20. Calculate the remainder when 157 is divided by c(0).
17
What is the remainder when 48 is divided by (-16 - 1)*1/(-1)?
14
Let b(y) = -y + 1. Let u(f) = f. Let x(p) = -p**2 + 4*p + 2. Let m(c) = 3*u(c) - x(c). Calculate the remainder when m(3) is divided by b(-2).
1
Let f(h) = 18*h**2 + h - 1. What is the remainder when 29 is divided by f(-1)?
13
Let u = 5 - 3. Suppose 4*h - 6 = u. Let c = 16 - h. Calculate the remainder when c is divided by 8.
6
Suppose 0 = 3*s - 8*s + 145. Suppose -4*d + 88 +